{"id":53,"date":"2025-01-30T09:17:20","date_gmt":"2025-01-30T12:17:20","guid":{"rendered":"https:\/\/arlsguardioesdaamizade.com.br\/?page_id=53"},"modified":"2025-01-30T09:17:20","modified_gmt":"2025-01-30T12:17:20","slug":"historia","status":"publish","type":"page","link":"https:\/\/arlsguardioesdaamizade.com.br\/?page_id=53","title":{"rendered":"Hist\u00f3ria"},"content":{"rendered":"\n<p><strong>HIST\u00d3RICO DO GRANDE ORIENTE DO BRASIL MATO GROSSO, GOB-MT<\/strong><\/p>\n\n\n\n<p>DESDE 16 DE OUTUBRO DE 1986 &#8211; 2011<\/p>\n\n\n\n<p><strong>&#8220;PER ASPERA AD ASTRA&#8221;<\/strong><\/p>\n\n\n\n<p>(Para o alto mesmo que por caminhos dif\u00edceis)&nbsp;<\/p>\n\n\n\n<p>O Grande Oriente do Brasil \u00e9 o embri\u00e3o de toda a estrutura ma\u00e7\u00f4nica organizada existente no pa\u00eds, por\u00e9m, a partir de 1973, como consequ\u00eancia de uma ruidosa cis\u00e3o, o Grande Oriente do Brasil n\u00e3o mais contava com nenhuma Loja no ent\u00e3o Norte do Estado de Mato Grosso, inclusive na Capital, e s\u00f3 veio a retornar a esta Regi\u00e3o do Estado a partir de 12 de dezembro de 1975, quando foi fundada a Loja Luz e Liberdade n\u00ba 1.930, com o apoio sistem\u00e1tico da comunidade Gobiana de Corumb\u00e1 e Lad\u00e1rio, ambas, um centro de excel\u00eancia ma\u00e7\u00f4nica do Estado de Mato Grosso n\u00e3o dividido.<\/p>\n\n\n\n<p>Decorridos tr\u00eas anos, mesmo funcionando precariamente em im\u00f3vel comercial locado e adaptado, a Loja Luz e Liberdade, iniciou um trabalho de forma a atender uma perspectiva de amplia\u00e7\u00e3o do n\u00famero de Lojas Federadas em Mato Grosso, incentivada pelo Poder Central:<\/p>\n\n\n\n<p>\u2022 Em 07 de julho de 1.978, fundou-se a Augusta Loja de Perfei\u00e7\u00e3o &#8220;Estrela do Norte&#8221;, constituindo-se na primeira Loja dos Graus Superiores do Escoc\u00edsmo Ma\u00e7\u00f4nico da Obedi\u00eancia, que juntamente com os futuros Corpos: Cap\u00edtulo Oito de Abril, Conselho de Kadosch n\u00ba 58, Consist\u00f3rio n\u00ba 34 e a pr\u00f3pria Delegacia Lit\u00fargica, vieram a construir a C\u00e2mara Filos\u00f3fica de Cuiab\u00e1, uma das poucas existentes no Pa\u00eds, destinada especificamente aos trabalhos dos Corpos Filos\u00f3ficos do Escoc\u00edsmo Ma\u00e7\u00f4nico.<\/p>\n\n\n\n<p>\u2022 Em 14 de outubro de 1.978, fundou-se a ARLS Tri\u00e2ngulo da Fraternidade n\u00ba 2.018, nesse Oriente de Cuiab\u00e1, sa\u00edda do pr\u00f3prio seio da Loja Luz e Liberdade.<\/p>\n\n\n\n<p>A partir de junho de 1980, foi desencadeada uma nova fase de inicia\u00e7\u00f5es, filia\u00e7\u00f5es altamente positivas e de funda\u00e7\u00e3o de mais Lojas, ent\u00e3o sob o comando da rec\u00e9m criada Delegacia Especial do Grande Oriente do Brasil em Mato Grosso, em raz\u00e3o da divis\u00e3o do Estado, assim foram fundadas as seguintes Oficinas:<\/p>\n\n\n\n<p>\u2022 Em 20 de mar\u00e7o de 1981, a ARLS Gon\u00e7alves Ledo VII n\u00ba 2.108, em Aren\u00e1polis.<\/p>\n\n\n\n<p>\u2022 Em 26 de agosto de 1981, num feito not\u00e1vel da ent\u00e3o Delegacia Especial do GOB em Mato Grosso, agregam-se ao Grande Oriente do Brasil 03 (tr\u00eas) importantes Lojas: a ARLS Liberdade Cacerense n\u00ba 1,768, ao Oriente de C\u00e1ceres, fundada em 27 de abril de 1970, sendo efusivamente recepcionada, faz seu retorno \u00e0s origens; a ARLS Ordem e Liberdade n\u00ba 2.183, ao Oriente de Jauru, fundada em 13 de mar\u00e7o de 1977; assim como, a ARLS Obreiros da Liberdade n\u00ba 2.214, ao Oriente de Pontes e Lacerda, ent\u00e3o fundada em 12 de agosto de 1978, ambas, com o entusiasmo que lhes \u00e9 peculiar, v\u00eam fortalecer a comunidade Gobiana no Estado, dando impulso significativo no projeto de funda\u00e7\u00e3o do Grande Oriente do Brasil em Mato Grosso.&nbsp;<\/p>\n\n\n\n<p>\u2022 Em 29 de novembro de 1981, a ARLS \u00c0 Sombra da Ac\u00e1cia II n\u00ba 2.124, ao Oriente de Rondon\u00f3polis.<\/p>\n\n\n\n<p>\u2022 Em 13 de maio de 1982, a ARLS Treze de Maio II n\u00ba 2.167, ao Oriente de Tangar\u00e1 da Serra.<\/p>\n\n\n\n<p>\u2022 Ainda em 28 de maio de 1982, a ARLS Ac\u00e1cia Vale do Teles Pires n\u00ba 2.188, um fator decisivo para o crescimento do Grande Oriente do Brasil em toda aquela vasta Regi\u00e3o do denominado Nort\u00e3o Mato-Grossense.<\/p>\n\n\n\n<p>\u2022 Aqui em Cuiab\u00e1, no ano seguinte, j\u00e1 como estrat\u00e9gia para a cria\u00e7\u00e3o de um Grande Oriente federado em Mato Grosso, em 02 de abril de 1983, fundou-se a terceira Loja na Capital, ficando assim desde ent\u00e3o cumprida a exig\u00eancia legal para a exist\u00eancia de mais um Gr\u00e3o Mestrado Estadual na Federa\u00e7\u00e3o Ma\u00e7\u00f4nica Brasileira, foi fundada a nossa ARLS Raz\u00e3o e Justi\u00e7a n\u00ba 2.202.<\/p>\n\n\n\n<p>\u2022 Em 17 de junho de 1983, a ARLS Ac\u00e1cia da Amaz\u00f4nia n\u00ba 2.234, ao Oriente de Sinop.<\/p>\n\n\n\n<p>\u2022 Em 20 de junho de 1983, a ARLS Estrela da Amaz\u00f4nia n\u00ba 2.213, ao Oriente de Juara.<\/p>\n\n\n\n<p>\u2022 Em 11 de novembro desse mesmo ano de 1983, fundou-se a ARLS Serra do Roncador n\u00ba 2.240, ao Oriente de Nova Xavantina.<\/p>\n\n\n\n<p>\u2022 Em 24 de junho de 1985, a ARLS Fraternidade Vigilante n\u00ba 2.319, ao Oriente de Ju\u00edna.<\/p>\n\n\n\n<p>\u2022 Na mesma data, 24.06.85, a ARLS S\u00e3o Jo\u00e3o de Parana\u00edta n\u00ba 2.566, veio integrar o Grande Oriente do Brasil.<\/p>\n\n\n\n<p>\u2022 Em 08 de mar\u00e7o de 1986, a ARLS Ac\u00e1cia Vale do S\u00e3o Louren\u00e7o n\u00ba 2.394, ao Oriente de Jaciara.<\/p>\n\n\n\n<p>\u2022 Em 30 de junho de 1986, a ARLS Ac\u00e1cia do Sorriso n\u00ba 2.442, ao oriente de Sorriso, em um desfecho sensacional, concluiu-se a primeira etapa.<\/p>\n\n\n\n<p>Tudo pronto!<\/p>\n\n\n\n<p>Em 09 de agosto de 1986, em Sess\u00e3o Especial convocada para esse fim, 26 (vinte e seis) insignes Irm\u00e3os, Dirigentes da Delegacia Especial do Grande Oriente do Brasil em Mato Grosso e os representantes das Lojas ent\u00e3o existentes, as quais, hoje, inclusive emprestam suas pr\u00f3prias denomina\u00e7\u00f5es, hist\u00f3ria de lutas e anseios \u00e0 nova Institui\u00e7\u00e3o que decidiram pela almejada cria\u00e7\u00e3o.<\/p>\n\n\n\n<p>Deliberou-se pela funda\u00e7\u00e3o do nosso GOB-MT, j\u00e1 pleno de perspectivas de progresso, com a solidez que certamente a pioneira de toda ma\u00e7onaria mato-grossense, a ef\u00eamera Loja Raz\u00e3o, a n\u00famero 4 da Federa\u00e7\u00e3o, tanto desejava, exatamente do cuiaban\u00edssimo Ara\u00e9s, onde ela come\u00e7ou, erigiu-se tamb\u00e9m o nosso GOB-MT.<\/p>\n\n\n\n<p>Uma a\u00e7\u00e3o auspiciosa, de resultados t\u00e3o realistas que hoje, constitucionalmente, as Lojas que naquele nove de agosto deliberaram fundar o GOB-MT, t\u00eam seus nomes e designa\u00e7\u00e3o numeral oficial da Federa\u00e7\u00e3o como patrim\u00f4nio hist\u00f3rico do Grande Oriente do Brasil Mato Grosso.<\/p>\n\n\n\n<p>Sendo as tr\u00eas da Capital: a Primaz Loja Luz e Liberdade n\u00ba 1930, a Loja Tri\u00e2ngulo da Fraternidade n\u00ba 2018 e a Loja Raz\u00e3o e Justi\u00e7a n\u00ba 2.202.&nbsp;<\/p>\n\n\n\n<p>Ainda, treze outras do nosso vasto Interior Mato-Grossense, que pelo entusiasmo de seus dirigentes foi um fator decisivo nessa delibera\u00e7\u00e3o hist\u00f3rica: a Loja Gon\u00e7alves Ledo n\u00ba 2.108, de Aren\u00e1polis; a Loja \u00c0 Sombra da Ac\u00e1cia n\u00ba 2.124, de Rondon\u00f3polis; a Loja Ac\u00e1cia Vales do Teles Pires n\u00ba 2.188, de Col\u00edder; a Loja 13 de Maio n\u00ba 2.167, de Tangar\u00e1 da Serra; a Loja Ordem e Liberdade n\u00ba 2.183, de Jauru; a Loja Estrela da Amaz\u00f4nia n\u00ba 2.213, de Juara; a Loja Obreiros da Liberdade n\u00ba 2.214, de Pontes e Lacerda; a Loja Ac\u00e1cia da Amaz\u00f4nia n\u00ba 2.234, de Sinop; a Loja Serra do Roncador n\u00ba 2.240, de Nova Xavantina, a Loja Fraternidade Vigilante n\u00ba 2.319, de Ju\u00edna; a Loja Amor e Caridade n\u00ba 2.333, de V\u00e1rzea Grande; e, a Loja Ac\u00e1cia Vale do S\u00e3o Louren\u00e7o n\u00ba 2.394, de Jaciara.<\/p>\n\n\n\n<p>Assim, com tudo organizado, nos exatos preceitos de nossas Leis e Landemarques, que no glorioso 16 de outubro de 1986, culminou oficialmente com a funda\u00e7\u00e3o do Grande Oriente do Brasil Mato Grosso, o nosso GOB-MT.<\/p>\n\n\n\n<p>Uma Institui\u00e7\u00e3o Ma\u00e7\u00f4nica que desde a sua cria\u00e7\u00e3o, pela lideran\u00e7a e capacidade dos seus dirigentes iniciais, sabiamente come\u00e7ou com parcim\u00f4nia e solidez, fatores fundamentais para a certeza de perenidade e efici\u00eancia, uma base firme para impulsionar m\u00faltiplas a\u00e7\u00f5es, s\u00e9rias e progressistas de grande apelo social, que enche de orgulho a Comunidade Gobiana de Mato Grosso, qui\u00e7\u00e1 de todo Pa\u00eds, haja vista, projetos advindos do Poder Central ou aqui idealizados, da amplitude de:<\/p>\n\n\n\n<p>1) Ma\u00e7onaria Contra as Drogas &#8211; um projeto, uma a\u00e7\u00e3o nacional, hoje denominado Ma\u00e7onaria Unida Contra as Drogas em Favor da Vida, agora uma atividade conjunta das tr\u00eas Pot\u00eancias Ma\u00e7\u00f4nicas de Mato Grosso, com o cond\u00e3o de unir e aglutinar a\u00e7\u00f5es de verdadeiros amigos na presta\u00e7\u00e3o de relevante servi\u00e7o a comunidade em geral.<\/p>\n\n\n\n<p>2) Fraternidade 3.000, um projeto de crescimento do GOB-MT, em uma excelente \u00e1rea f\u00edsica, muito bem localizada na nossa Capital.&nbsp;<\/p>\n\n\n\n<p>3) Apoio aos Cap\u00edtulos da Ordem DeMolay do Supremo Conselho da Ordem DeMolay para o Brasil e aos Betheis da Ordem Internacional das Filhas de J\u00f3.<\/p>\n\n\n\n<p>4) Apoio, patroc\u00ednio e incentivo a diversos N\u00facleos da Associa\u00e7\u00e3o Parama\u00e7\u00f4nica Juvenil, as denominadas APJs, que congrega jovens e adolescentes de ambos os sexos, com o escopo desenvolv\u00ea-los cultural e intelectualmente, num processo de confraterniza\u00e7\u00e3o e aproxima\u00e7\u00e3o inter-familiar com a Institui\u00e7\u00e3o Ma\u00e7\u00f4nica, que socialmente aprimora-os a olhos vistos, um projeto nacional do GOB, com excelentes frutos, inclusive, em nosso Estado.&nbsp;<\/p>\n\n\n\n<p>5) Apoio e incentivo \u00e0s associa\u00e7\u00f5es Fraternidades Femininas Cruzeiro do Sul, as FRAFEMs, visando a funda\u00e7\u00e3o de uma associa\u00e7\u00e3o em cada uma das nossas Lojas jurisdicionadas, congregando as esposas de ma\u00e7ons como colunas indispens\u00e1veis na pr\u00e1tica da benefic\u00eancia ma\u00e7\u00f4nica.&nbsp;<\/p>\n\n\n\n<p>6) Incremento e incentivo para o aumento do n\u00famero de Lojas, com a admiss\u00e3o de novos membros, recrutados dentre cidad\u00e3os s\u00e9rios e atuantes na comunidade.<\/p>\n\n\n\n<p>7) Uso racional de sua sede pr\u00f3pria, que j\u00e1 abriga toda a estrutura administrativa do Grande Oriente do Brasil Mato Grosso, uma denomina\u00e7\u00e3o muito adequada de Pal\u00e1cio da Conc\u00f3rdia, aonde, com modernas e funcionais instala\u00e7\u00f5es para o mister administrativo do GOB, abrigando o Poder Executivo, Legislativo e o Judici\u00e1rio Ma\u00e7\u00f4nico, se inclui tamb\u00e9m, uma ampla biblioteca, o museu ma\u00e7\u00f4nico, quatro templos magnificamente ornamentados, adrede preparados para a pr\u00e1tica de m\u00faltiplos ritos e um audit\u00f3rio confort\u00e1vel, al\u00e9m de sala reservada \u00e0 FRAFEM Estadual.<\/p>\n\n\n\n<p>8) Uma atividade intensa e conjunta de bom relacionamento entre as tr\u00eas Institui\u00e7\u00f5es Ma\u00e7\u00f4nicas de Mato Grosso, o Grande Oriente do Estado de Mato Grosso &#8211; GOEMT, a Grande Loja do Estado de Mato Grosso &#8211; GLEMT e o nosso Grande Oriente do Brasil Mato Grosso &#8211; GOB\/MT, que aprimora e aperfei\u00e7oa intensamente a conviv\u00eancia fraternal que impera entre Dirigentes, Lojas e Membros, que j\u00e1 partir de 2010, numa decis\u00e3o sem precedentes, criaram a Loja Especial Conc\u00f3rdia, Harmonia e Paz, especificamente para realiza\u00e7\u00e3o de uma Sess\u00e3o Magna anual comemorativa ao dia do Ma\u00e7om, no 20 de agosto, como forma de exaltar essa singular amizade ma\u00e7\u00f4nica.<\/p>\n\n\n\n<p>8) O GOB-MT hoje, com suas oitenta e sete (87) Lojas Jurisdicionadas, estrategicamente sediadas nas principais cidades de todas as Regi\u00f5es do nosso Estado, todas, efetivamente em funcionamento, cumprindo com seus constitucionais deveres, principalmente, na divulga\u00e7\u00e3o da doutrina ma\u00e7\u00f4nica pelo exemplar comportamento de seus membros, e, principalmente;<\/p>\n\n\n\n<p>9) \u00c9 que j\u00e1 temos uma hist\u00f3ria para contar, um mister que o nosso Museu Ma\u00e7\u00f4nico vem se encarregando com a costumeira efici\u00eancia do ma\u00e7om gobiano, como tudo que se faz por aqui!<\/p>\n\n\n\n<p>S\u00e3o projetos e a\u00e7\u00f5es que t\u00eam merecido o irrestrito apoio da fam\u00edlia Gobiana de Mato Grosso, para concretiza\u00e7\u00e3o, do que se constitui no elemento aglutinador de esfor\u00e7os para fazer, para unir e progredir sempre, com o sentimento elevado de grande virtude, por estarmos juntos, formando a grande fam\u00edlia ma\u00e7\u00f4nica, todos, pessoas que t\u00eam o justo prazer de cumprir com seus deveres, como fonte asseguradora da evolu\u00e7\u00e3o do ser humano.&nbsp;<\/p>\n\n\n\n<p>Cuiab\u00e1, MT, 20 de agosto de 2011, ano vinte e cinco do GOB\/MT.<\/p>\n\n\n\n<p class=\"has-text-align-right\"><strong>Nivaldo Zamarioli Correia &#8211; Mestre Ma\u00e7om<\/strong><\/p>\n\n\n\n<p class=\"has-text-align-right\"><strong>Loja Luz e Liberdade n\u00ba 1930, a Primaz de GOB-MT<\/strong><\/p>\n","protected":false},"excerpt":{"rendered":"<p class=\"qua-blog-post-description\">HIST\u00d3RICO DO GRANDE ORIENTE DO BRASIL MATO GROSSO, GOB-MT DESDE 16 DE OUTUBRO DE 1986 &#8211; 2011 &#8220;PER ASPERA AD ASTRA&#8221; (Para o alto mesmo que por caminhos dif\u00edceis)&nbsp; O Grande Oriente do Brasil \u00e9 o embri\u00e3o de toda a estrutura ma\u00e7\u00f4nica organizada existente no pa\u00eds, por\u00e9m, a partir de 1973, como consequ\u00eancia de uma [&hellip;]<\/p>\n","protected":false},"author":1,"featured_media":0,"parent":0,"menu_order":0,"comment_status":"closed","ping_status":"closed","template":"","meta":{"footnotes":""},"class_list":["post-53","page","type-page","status-publish","hentry"],"_links":{"self":[{"href":"https:\/\/arlsguardioesdaamizade.com.br\/index.php?rest_route=\/wp\/v2\/pages\/53","targetHints":{"allow":["GET"]}}],"collection":[{"href":"https:\/\/arlsguardioesdaamizade.com.br\/index.php?rest_route=\/wp\/v2\/pages"}],"about":[{"href":"https:\/\/arlsguardioesdaamizade.com.br\/index.php?rest_route=\/wp\/v2\/types\/page"}],"author":[{"embeddable":true,"href":"https:\/\/arlsguardioesdaamizade.com.br\/index.php?rest_route=\/wp\/v2\/users\/1"}],"replies":[{"embeddable":true,"href":"https:\/\/arlsguardioesdaamizade.com.br\/index.php?rest_route=%2Fwp%2Fv2%2Fcomments&post=53"}],"version-history":[{"count":1,"href":"https:\/\/arlsguardioesdaamizade.com.br\/index.php?rest_route=\/wp\/v2\/pages\/53\/revisions"}],"predecessor-version":[{"id":55,"href":"https:\/\/arlsguardioesdaamizade.com.br\/index.php?rest_route=\/wp\/v2\/pages\/53\/revisions\/55"}],"wp:attachment":[{"href":"https:\/\/arlsguardioesdaamizade.com.br\/index.php?rest_route=%2Fwp%2Fv2%2Fmedia&parent=53"}],"curies":[{"name":"wp","href":"https:\/\/api.w.org\/{rel}","templated":true}]}}