{"id":47,"date":"2025-01-30T09:16:05","date_gmt":"2025-01-30T12:16:05","guid":{"rendered":"https:\/\/arlsguardioesdaamizade.com.br\/?page_id=47"},"modified":"2025-01-30T09:16:05","modified_gmt":"2025-01-30T12:16:05","slug":"missao","status":"publish","type":"page","link":"https:\/\/arlsguardioesdaamizade.com.br\/?page_id=47","title":{"rendered":"Miss\u00e3o"},"content":{"rendered":"\n<p>Atuar&nbsp; como&nbsp; Escola de Supera\u00e7\u00e3o e de Lideran\u00e7a,&nbsp; fomentar&nbsp; a&nbsp; Liberdade de Consci\u00eancia&nbsp; e&nbsp; reunir&nbsp; pessoas,&nbsp; quaisquer&nbsp; que sejam suas cren\u00e7as&nbsp; (ou&nbsp; profiss\u00f5es de f\u00e9,&nbsp; cada vez&nbsp; mais&nbsp; raras&nbsp; hodiernamente),&nbsp;&nbsp; para&nbsp; satisfazer&nbsp;&nbsp;&nbsp; suas&nbsp; necessidades&nbsp; religiosas&nbsp;&nbsp;&nbsp; &#8211;&nbsp;&nbsp;&nbsp; no cora\u00e7\u00e3o,&nbsp; j\u00e1&nbsp;&nbsp; que&nbsp; \u00e9&nbsp; escolha&nbsp; de&nbsp; foro&nbsp; \u00edntimo&nbsp;&nbsp;&nbsp; &#8211;&nbsp;&nbsp;&nbsp; e&nbsp; suas&nbsp; inquieta\u00e7\u00f5es&nbsp; metaf\u00edsicas&nbsp;&nbsp;&nbsp; &#8211;&nbsp;&nbsp;&nbsp; no&nbsp; esp\u00edrito,&nbsp;&nbsp; j\u00e1 que&nbsp; se vincula&nbsp; a&nbsp; uma&nbsp; ci\u00eancia,&nbsp; a&nbsp; ci\u00eancia da&nbsp; alma,&nbsp; que&nbsp; est\u00e1&nbsp; alicer\u00e7ada&nbsp; fora da mat\u00e9ria e, talvez,&nbsp; fora da Terra.<\/p>\n\n\n\n<p>A Ma\u00e7onaria tem seu pr\u00f3prio m\u00e9todo ou caminho, que \u00e9 o m\u00e9todo inici\u00e1tico ou caminho inici\u00e1tico, e, portanto, rejeita sistem\u00e1tica e terminantemente a interven\u00e7\u00e3o da religiosidade e ou da metaf\u00edsica em seus procedimentos, embora reconhe\u00e7a que a religiosidade \u00e9 essencial para induzir autoconsci\u00eancia e autoconhecimento,&nbsp; que intensifica a responsabilidade e o compromisso,&nbsp; e que a metaf\u00edsica \u00e9 ingrediente natural do Buscador, na sua busca incessante.<\/p>\n","protected":false},"excerpt":{"rendered":"<p class=\"qua-blog-post-description\">Atuar&nbsp; como&nbsp; Escola de Supera\u00e7\u00e3o e de Lideran\u00e7a,&nbsp; fomentar&nbsp; a&nbsp; Liberdade de Consci\u00eancia&nbsp; e&nbsp; reunir&nbsp; pessoas,&nbsp; quaisquer&nbsp; que sejam suas cren\u00e7as&nbsp; (ou&nbsp; profiss\u00f5es de f\u00e9,&nbsp; cada vez&nbsp; mais&nbsp; raras&nbsp; hodiernamente),&nbsp;&nbsp; para&nbsp; satisfazer&nbsp;&nbsp;&nbsp; suas&nbsp; necessidades&nbsp; religiosas&nbsp;&nbsp;&nbsp; &#8211;&nbsp;&nbsp;&nbsp; no cora\u00e7\u00e3o,&nbsp; j\u00e1&nbsp;&nbsp; que&nbsp; \u00e9&nbsp; escolha&nbsp; de&nbsp; foro&nbsp; \u00edntimo&nbsp;&nbsp;&nbsp; &#8211;&nbsp;&nbsp;&nbsp; e&nbsp; suas&nbsp; inquieta\u00e7\u00f5es&nbsp; metaf\u00edsicas&nbsp;&nbsp;&nbsp; &#8211;&nbsp;&nbsp;&nbsp; no&nbsp; esp\u00edrito,&nbsp;&nbsp; j\u00e1 que&nbsp; [&hellip;]<\/p>\n","protected":false},"author":1,"featured_media":0,"parent":0,"menu_order":0,"comment_status":"closed","ping_status":"closed","template":"","meta":{"footnotes":""},"class_list":["post-47","page","type-page","status-publish","hentry"],"_links":{"self":[{"href":"https:\/\/arlsguardioesdaamizade.com.br\/index.php?rest_route=\/wp\/v2\/pages\/47","targetHints":{"allow":["GET"]}}],"collection":[{"href":"https:\/\/arlsguardioesdaamizade.com.br\/index.php?rest_route=\/wp\/v2\/pages"}],"about":[{"href":"https:\/\/arlsguardioesdaamizade.com.br\/index.php?rest_route=\/wp\/v2\/types\/page"}],"author":[{"embeddable":true,"href":"https:\/\/arlsguardioesdaamizade.com.br\/index.php?rest_route=\/wp\/v2\/users\/1"}],"replies":[{"embeddable":true,"href":"https:\/\/arlsguardioesdaamizade.com.br\/index.php?rest_route=%2Fwp%2Fv2%2Fcomments&post=47"}],"version-history":[{"count":1,"href":"https:\/\/arlsguardioesdaamizade.com.br\/index.php?rest_route=\/wp\/v2\/pages\/47\/revisions"}],"predecessor-version":[{"id":49,"href":"https:\/\/arlsguardioesdaamizade.com.br\/index.php?rest_route=\/wp\/v2\/pages\/47\/revisions\/49"}],"wp:attachment":[{"href":"https:\/\/arlsguardioesdaamizade.com.br\/index.php?rest_route=%2Fwp%2Fv2%2Fmedia&parent=47"}],"curies":[{"name":"wp","href":"https:\/\/api.w.org\/{rel}","templated":true}]}}