{"id":26,"date":"2025-01-30T09:06:21","date_gmt":"2025-01-30T12:06:21","guid":{"rendered":"https:\/\/arlsguardioesdaamizade.com.br\/?page_id=26"},"modified":"2025-01-30T09:06:21","modified_gmt":"2025-01-30T12:06:21","slug":"como-posso-tornar-me-macom","status":"publish","type":"page","link":"https:\/\/arlsguardioesdaamizade.com.br\/?page_id=26","title":{"rendered":"Como posso tornar-me Ma\u00e7om?"},"content":{"rendered":"\n<p>Antes de mais nada, o postulante ao ingresso nos quadros da Ordem Ma\u00e7\u00f4nica, deve autoavaliar-se em busca de valores, costumes, atitudes (interiores), e&nbsp; comportamentos sociais exteriorizados cotejando-os com algumas premissas a seguir apresentadas.<\/p>\n\n\n\n<p>O Candidato deve, portanto,&nbsp; identificar-se com os aspectos a seguir:<\/p>\n\n\n\n<ul class=\"wp-block-list\">\n<li><strong>Legal:<\/strong><\/li>\n<\/ul>\n\n\n\n<p>&#8211; ser emancipado e ter completado 18 anos antes da cerim\u00f4nia de Inicia\u00e7\u00e3o;<br>&#8211; ser dependente pecuniariamente, obter anu\u00eancia dos tutores ou genitores;<br>&#8211; ser engajado em uni\u00e3o est\u00e1vel, contar com a concord\u00e2ncia da esposa;<br>&#8211; ser um homem \u00edntegro, ligado e atualizado em rela\u00e7\u00e3o ao seu tempo;<br>&#8211; ser empreendedor e capaz de assumir responsabilidades;<br>&#8211; ter emprego, resid\u00eancia e domic\u00edlio fixos, no Oriente (estado, munic\u00edpio) pleiteado; suas atividades profissionais devem ser l\u00edcitas, n\u00e3o importando o metier;<br>&#8211; esperar encontrar na Loja pleiteada, homens livres, de bons costumes, capazes de realizar obras poderosas em benef\u00edcio da Humanidade, da P\u00e1tria e da Fam\u00edlia;<\/p>\n\n\n\n<ul class=\"wp-block-list\">\n<li><strong>doutrin\u00e1rio:<\/strong><\/li>\n<\/ul>\n\n\n\n<p>&#8211; ter religiosidade, melhor do que religi\u00e3o;<br>&#8211; crer em Deus, acima de tudo;<br>&#8211; ter uma id\u00e9ia clara da virtude e do v\u00edcio, adotando aquela e rejeitando este;<br>&#8211; estar apto a apreender conhecimentos lit\u00fargicos e filos\u00f3ficos;<br>&#8211; distinguir entre religi\u00e3o e ma\u00e7onaria;<br>&#8211; ser respeitado na Inicia\u00e7\u00e3o, n\u00e3o s\u00f3 pelas caracter\u00edsticas esot\u00e9ricas, exot\u00e9ricas e metaf\u00edsicas do evento, como pelo significado simb\u00f3lico trazido pelas nossas tradi\u00e7\u00f5es e regularidade;<\/p>\n\n\n\n<ul class=\"wp-block-list\">\n<li><strong>pr\u00e1tico:<\/strong><\/li>\n<\/ul>\n\n\n\n<p>&#8211; apresentar bons costumes;<br>&#8211; ter boa fam\u00edlia;<br>&#8211; seguir as leis;<\/p>\n\n\n\n<ul class=\"wp-block-list\">\n<li><strong>metaf\u00edsico:<\/strong><\/li>\n<\/ul>\n\n\n\n<p>&#8211; ser receptivo \u00e0s id\u00e9ias;<br>&#8211; estar ideologicamente alinhado com a id\u00e9ia de Deus;<\/p>\n\n\n\n<ul class=\"wp-block-list\">\n<li><strong>da tradi\u00e7\u00e3o:<\/strong><\/li>\n<\/ul>\n\n\n\n<p>&#8211; estar apto; ou pronto, disposto e capacitado, &#8220;sponte SUA&#8221;;<\/p>\n\n\n\n<ul class=\"wp-block-list\">\n<li><strong>inici\u00e1tico:<\/strong><\/li>\n<\/ul>\n\n\n\n<p>&#8211; creditar respeito ao processo;<br>&#8211; manter o esp\u00edrito receptivo (\u201cnada lhe ser\u00e1 cobrado; tudo lhe ser\u00e1 dado\u201d);<\/p>\n\n\n\n<p>A admiss\u00e3o \u00e0 Ma\u00e7onaria \u00e9 restrita a pessoas adultas sem limita\u00e7\u00f5es quanto \u00e0 ra\u00e7a, credo e nacionalidade, desde que gozem de reputa\u00e7\u00e3o ilibada e que sejam homens \u00edntegros.<\/p>\n\n\n\n<p>Nenhum homem, por melhor que seja, poder\u00e1 ser recebido na Ma\u00e7onaria, sem o consentimento de todos os ma\u00e7ons. Se algu\u00e9m fosse imposto \u00e0 Ma\u00e7onaria, poderia ali causar desarmonia, ou perturbar a liberdade dos demais, o que sempre deve ser evitado.<br>A aceita\u00e7\u00e3o do pedido de ingresso na Ordem depende bastante da declara\u00e7\u00e3o de motivos do candidato. A Ordem espera que o candidato seja sincero perante sua pr\u00f3pria consci\u00eancia, quando do preenchimento da proposta de admiss\u00e3o.<\/p>\n\n\n\n<p>Quando algu\u00e9m se candidata a ingressar na Ma\u00e7onaria, \u00e9 verificado em sindic\u00e2ncia se disp\u00f5e de ganhos pecuni\u00e1rios que permitam cumprir os compromissos ma\u00e7\u00f4nicos, sem sacrificar a fam\u00edlia.&nbsp;&nbsp; Vale dizer que nenhum homem casado poder\u00e1 entrar para a Ma\u00e7onaria sem que a esposa esteja de acordo.<\/p>\n\n\n\n<p>\u00c9 \u00f3bvio que, ao se iniciar na Ma\u00e7onaria, o indiv\u00edduo dever\u00e1 assumir compromissos derivados de participa\u00e7\u00e3o engajada e respons\u00e1vel nas lides ma\u00e7\u00f4nicas. Entre os compromissos e responsabilidades, encontram-se aqueles de estudar, com mente aberta, as instru\u00e7\u00f5es ma\u00e7\u00f4nicas, bem como, o de considerar denso sigilo sobre os ensinamentos recebidos e contribuir pecuniariamente para a manuten\u00e7\u00e3o de sua Loja e sua Obedi\u00eancia. Os compromissos e responsabilidades, a prop\u00f3sito, s\u00e3o do mesmo g\u00eanero daquelas encontradas em qualquer associa\u00e7\u00e3o humana.<\/p>\n\n\n\n<p>\u00c9 fato inconteste que uma das finalidades da Ordem \u00e9 a de implantar sistematicamente na sociedade humana uma efetiva fraternidade entre os homens.<\/p>\n\n\n\n<p>Ao contr\u00e1rio do \u201cfolclore\u201d que alimenta a cren\u00e7a de muita gente, a Ma\u00e7onaria n\u00e3o \u00e9 uma sociedade secreta e exerce suas atividades extensivamente, sob o p\u00e1lio da legitimidade de sua natureza e da legalidade de seus atos e fatos administrativos, fiscais e tribut\u00e1rios. Suas Propriedades, Constitui\u00e7\u00f5es, Emendas, Regimentos e Estatutos s\u00e3o registrados em cart\u00f3rio de im\u00f3veis, t\u00edtulos e documentos, e publicados em Di\u00e1rio Oficial.<\/p>\n\n\n\n<p>Uma vez Iniciado, o postulante torna-se Ma\u00e7om, e, como tal, estar\u00e1, para todo o sempre,&nbsp;&nbsp; sob constante vigil\u00e2ncia de sua pr\u00f3pria consci\u00eancia e dos demais Ma\u00e7ons.<\/p>\n\n\n\n<p>Isso posto, havendo seu interesse em \u201centrar\u201d na Ma\u00e7onaria, entre em contato com um Ma\u00e7om de seu conhecimento ou com uma Loja Ma\u00e7\u00f4nica de sua cidade.<\/p>\n","protected":false},"excerpt":{"rendered":"<p class=\"qua-blog-post-description\">Antes de mais nada, o postulante ao ingresso nos quadros da Ordem Ma\u00e7\u00f4nica, deve autoavaliar-se em busca de valores, costumes, atitudes (interiores), e&nbsp; comportamentos sociais exteriorizados cotejando-os com algumas premissas a seguir apresentadas. O Candidato deve, portanto,&nbsp; identificar-se com os aspectos a seguir: &#8211; ser emancipado e ter completado 18 anos antes da cerim\u00f4nia de [&hellip;]<\/p>\n","protected":false},"author":1,"featured_media":0,"parent":0,"menu_order":0,"comment_status":"closed","ping_status":"closed","template":"","meta":{"footnotes":""},"class_list":["post-26","page","type-page","status-publish","hentry"],"_links":{"self":[{"href":"https:\/\/arlsguardioesdaamizade.com.br\/index.php?rest_route=\/wp\/v2\/pages\/26","targetHints":{"allow":["GET"]}}],"collection":[{"href":"https:\/\/arlsguardioesdaamizade.com.br\/index.php?rest_route=\/wp\/v2\/pages"}],"about":[{"href":"https:\/\/arlsguardioesdaamizade.com.br\/index.php?rest_route=\/wp\/v2\/types\/page"}],"author":[{"embeddable":true,"href":"https:\/\/arlsguardioesdaamizade.com.br\/index.php?rest_route=\/wp\/v2\/users\/1"}],"replies":[{"embeddable":true,"href":"https:\/\/arlsguardioesdaamizade.com.br\/index.php?rest_route=%2Fwp%2Fv2%2Fcomments&post=26"}],"version-history":[{"count":1,"href":"https:\/\/arlsguardioesdaamizade.com.br\/index.php?rest_route=\/wp\/v2\/pages\/26\/revisions"}],"predecessor-version":[{"id":28,"href":"https:\/\/arlsguardioesdaamizade.com.br\/index.php?rest_route=\/wp\/v2\/pages\/26\/revisions\/28"}],"wp:attachment":[{"href":"https:\/\/arlsguardioesdaamizade.com.br\/index.php?rest_route=%2Fwp%2Fv2%2Fmedia&parent=26"}],"curies":[{"name":"wp","href":"https:\/\/api.w.org\/{rel}","templated":true}]}}