{"id":20,"date":"2025-01-30T09:05:11","date_gmt":"2025-01-30T12:05:11","guid":{"rendered":"https:\/\/arlsguardioesdaamizade.com.br\/?page_id=20"},"modified":"2025-01-30T09:05:11","modified_gmt":"2025-01-30T12:05:11","slug":"maconaria-no-brasil","status":"publish","type":"page","link":"https:\/\/arlsguardioesdaamizade.com.br\/?page_id=20","title":{"rendered":"Ma\u00e7onaria no Brasil"},"content":{"rendered":"\n<p><strong>Ma\u00e7onaria no Brasil<\/strong><\/p>\n\n\n\n<p><strong>Generalidades<\/strong><\/p>\n\n\n\n<p>O grande feito da Ma\u00e7onaria,&nbsp; j\u00e1 nos s\u00e9culos&nbsp; XVII&nbsp; e&nbsp; XVIII,&nbsp;&nbsp; foi exportar o ideal revolucion\u00e1rio e republicano para toda a Am\u00e9rica (do Norte e Latina). Foi a grande mudan\u00e7a de paradigma. Centros geogr\u00e1ficos como Olinda e Recife, Salvador,&nbsp; Tijuco (depois Diamantina)&nbsp; e&nbsp; Vila Rica&nbsp; (depois Ouro Preto),&nbsp;&nbsp; at\u00e9 mesmo em fun\u00e7\u00e3o da tremenda mudan\u00e7a de paradigma que foi a coloniza\u00e7\u00e3o das Am\u00e9ricas, j\u00e1 reuniam grande riqueza e grande n\u00famero de imigrantes. Luxava-se mais em Olinda e Vila Rica do que mesmo em Lisboa.<\/p>\n\n\n\n<p>Como o ideal de Fraternidade \u00e9 de natureza expansionista, as id\u00e9ias de Liberdade, Igualdade e Fraternidade, logo&nbsp; varriam todas as Am\u00e9ricas. Em 1760, por exemplo, j\u00e1 n\u00e3o havia col\u00f4nia americana que n\u00e3o fosse permeada pela Ma\u00e7onaria.<\/p>\n\n\n\n<p>A primeira loja regular em Portugal data de 1727, embora se tenha not\u00edcias de atividades ma\u00e7\u00f4nicas antes disso.&nbsp;&nbsp;&nbsp;&nbsp;&nbsp; Em 1744 o Sr. Sebasti\u00e3o Jos\u00e9 de Carvalho e Melo, portugu\u00eas, foi iniciado em Londres, durante uma festa de S\u00e3o Jo\u00e3o.&nbsp;&nbsp;&nbsp;&nbsp;&nbsp;&nbsp; Esse cidad\u00e3o portugu\u00eas mais tarde foi sagrado Conde de Oeiras e, depois, Marqu\u00eas de Pombal.<\/p>\n\n\n\n<p>Um outro centro irradiador de id\u00e9ias e ideais, j\u00e1 desde 1620, era a Faculdade de Medicina, Ci\u00eancias e Letras,&nbsp; da Universidade de Montpellier, na Fran\u00e7a;&nbsp;&nbsp;&nbsp;&nbsp; manteve liga\u00e7\u00f5es permanentes com figuras como&nbsp; Thomas Jefferson,&nbsp;&nbsp; Benjamin Franklin,&nbsp;&nbsp; John Adam,&nbsp; Domingos Vidal Barbosa, Jos\u00e9 Mariano Leal,&nbsp;&nbsp; Domingos Jos\u00e9 Martins,&nbsp;&nbsp; Jos\u00e9 Joaquim da Maia&nbsp;&nbsp; e&nbsp;&nbsp; Jos\u00e9 \u00c1lvares Maciel entre outros;&nbsp;&nbsp;&nbsp; no s\u00e9culo 18,&nbsp; em&nbsp; Montpellier,&nbsp;&nbsp; havia mais do que 10 lojas ma\u00e7\u00f4nicas livremente fermentando id\u00e9ias republicanas nos diferentes estudantes de todos os cantos do mundo.<\/p>\n\n\n\n<p><strong>Prim\u00f3rdios brasileiros<\/strong><\/p>\n\n\n\n<p>Kurt Prober, que sempre escrevia apoiado em s\u00f3lida documenta\u00e7\u00e3o,&nbsp; cita em sua bibliografia&nbsp; (\u201cCadastro Geral das Lojas Ma\u00e7\u00f4nicas\u201d) que a primeira atividade ma\u00e7\u00f4nica brasileira que merece registro foi em 1724, na \u201cAcademia Bras\u00edlica do Esquecidos\u201d, onde foi iniciado o Padre Gon\u00e7alves Soares de Fran\u00e7a, o Coronel (e historiador not\u00e1vel) Sebasti\u00e3o da Rocha Pitta, o Desembargador Caetano de Britto e outros.&nbsp;&nbsp;&nbsp;&nbsp; Mais tarde todas as atas dessa sociedade secreta foram queimadas.<\/p>\n\n\n\n<p>O argentino Alceb\u00edades Lappa, em 1981, em tese internacional, usando um Livro de Atas do Duque de Norfolk, em Londres, provou que o Ir.: Randolph Took foi designado, j\u00e1 em 1735, como Gr\u00e3o-Mestre Provincial para a Am\u00e9rica do Sul ( o que equivalia a dizer Brasil).<\/p>\n\n\n\n<p>E mais ainda, h\u00e1 uma carta do m\u00e9dico ingl\u00eas Robert Young, em nome da Loja de S\u00e3o Jo\u00e3o, de Buenos Aires, em 1741, dirigida \u00e0 Loja de S\u00e3o Jo\u00e3o do Brasil, recomendando-lhe o Ir.: Richard Lindsey que se encontrava no Brasil.<br>H\u00e1 vest\u00edgios da exist\u00eancia,&nbsp; em 1750,&nbsp; de um grande Oriente Ma\u00e7\u00f4nico, em Salvador, vinculado ao grande Oriente da Fran\u00e7a, com fortes tend\u00eancias liberais e republicanas. No Rio em 1752 foi criada a Associa\u00e7\u00e3o Liter\u00e1ria dos Seletos.<\/p>\n\n\n\n<p><strong>GOB<\/strong><\/p>\n\n\n\n<p>Criado em 17 de junho de 1822, o Grande Oriente do Brasil &#8211; GOB, \u00fanica pot\u00eancia brasileira a deter o reconhecimento primordial, secular e definitivo da Loja-M\u00e3e da Inglaterra,&nbsp; inscrito entre as quatro ou cinco maiores pot\u00eancias ma\u00e7\u00f4nicas do mundo, tem cadeira cativa e fortemente destacada na hist\u00f3ria do pa\u00eds,&nbsp; tanto no per\u00edodo mon\u00e1rquico quanto no republicano. O s\u00e9culo 18 foi marcado pelo Iluminismo,&nbsp; o 19 pelas ideologias e o 20 pela emerg\u00eancia e dom\u00ednio das tecnoci\u00eancias.<\/p>\n\n\n\n<p><strong>Estado da Arte<\/strong><\/p>\n\n\n\n<p>No&nbsp; s\u00e9culo XX tr\u00eas (3) vertentes cient\u00edficas mudaram a face da humanidade com efeitos revolucion\u00e1rios radicais:<\/p>\n\n\n\n<ul class=\"wp-block-list\">\n<li>a manipula\u00e7\u00e3o do \u00e1tomo\u00a0 ( e a energia at\u00f4mica) => desde a dizima\u00e7\u00e3o de cidades inteiras comcentenas de milhares de mortos, at\u00e9 a pesquisa na agricultura, na medicina e na qu\u00edmica, com radiois\u00f3topos para medir taxa\u00e7\u00f5es diversas, radioterapia, estados de nutrientes etc.;\u00a0\u00a0\u00a0\u00a0 a energia at\u00f4mica e a f\u00edsica nuclear tocam um papel importante no conc\u00earto das na\u00e7\u00f5es indicando o par\u00e2metro principal na quest\u00e3o da hegemonia entre eles\u00a0\u00a0 (quem tem mais manda mais);<br>\u00a0<\/li>\n\n\n\n<li>a manipula\u00e7\u00e3o do gene\u00a0 (a biologia molecular e a biotecnologia)\u00a0 =>\u00a0 o conhecimento da estrutura gen\u00e9tica tem produzido in\u00fameros benef\u00edcios, mormente na agricultura, onde aumentou substancialmente a produ\u00e7\u00e3o e a produtividade na planta\u00e7\u00e3o e colheita dos g\u00eaneros horti-fruti-granjeiros;\u00a0\u00a0\u00a0\u00a0 pesquisa de germoplasma t\u00eam sido muito importante na constru\u00e7\u00e3o de cadeias nutrientes mais vi\u00e1veis e assimil\u00e1veis;\u00a0\u00a0\u00a0\u00a0 o estudo de clonagem tem introduzido grandes barateamentos na produ\u00e7\u00e3o;\u00a0\u00a0\u00a0 estima-se que dentro de 30 anos\u00a0 (ou menos)\u00a0 a t\u00e9cnica de criogenia estar\u00e1 totalmente dominada e disseminada;<br>\u00a0<\/li>\n\n\n\n<li>e a tecnologia de redes de computadores\u00a0 =>\u00a0 minimizando a\u00a0 tirania\u00a0 que\u00a0 tempo e dist\u00e2ncia sempre\u00a0 impuseram sobre\u00a0 o g\u00eanero humano;\u00a0\u00a0\u00a0 com\u00a0 o computador\u00a0 vence-se,\u00a0 em parte,\u00a0 a\u00a0 tirania\u00a0 do\u00a0 tempo,\u00a0 dando-se\u00a0 agilidade\u00a0 \u00e0s\u00a0 tarefas\u00a0 de\u00a0 memoriza\u00e7\u00e3o;\u00a0\u00a0 e,\u00a0 pelas\u00a0 redes\u00a0 de\u00a0 computadores,\u00a0 minora-se\u00a0 o efeito\u00a0 mal\u00e9fico das\u00a0 dist\u00e2ncias\u00a0 a\u00a0 serem\u00a0 vencidas,\u00a0 dado\u00a0 que\u00a0 o homem\u00a0 pode\u00a0 manifestar-se,\u00a0 simultaneamente,\u00a0 em\u00a0 dois\u00a0 ou mais\u00a0 lugares\u00a0 do planeta\u00a0 pelo uso\u00a0 e\u00a0 explora\u00e7\u00e3o\u00a0 da\u00a0 tecnologia de redes.<\/li>\n<\/ul>\n\n\n\n<p>O g\u00eanero humano est\u00e1 entre 2 (dois) mundos, quais sejam:&nbsp;&nbsp;&nbsp; o mundo natural&nbsp; (da Natureza)&nbsp; e&nbsp; o mundo cultural&nbsp; (da constru\u00e7\u00e3o cultural origin\u00e1ria da pr\u00f3pria mente humana).&nbsp;&nbsp;&nbsp;&nbsp; A cultura \u00e9 obra do homem que, com o seu fazer e o seu saber, age sobre a NATUREZA.&nbsp;&nbsp;&nbsp;&nbsp; O homem,&nbsp; portanto,&nbsp; muda a Natureza e a Natureza mudada muda o homem;&nbsp;&nbsp;&nbsp;&nbsp; por exemplo:&nbsp;&nbsp;&nbsp; o rio S\u00e3o Francisco, da unidade nacional, \u00e9 natureza, j\u00e1 sua transposi\u00e7\u00e3o das \u00e1guas, \u00e9 canal,&nbsp; \u00e9 cultura.<\/p>\n\n\n\n<p>As mudan\u00e7as, que implicam&nbsp; ruptura com a ordem estabelecida, s\u00e3o todas tem\u00e1ticas;&nbsp;&nbsp;&nbsp;&nbsp; n\u00e3o obstante isso at\u00e9 o in\u00edcio do s\u00e9culo XX as mudan\u00e7as eram administr\u00e1veis.&nbsp;&nbsp; e&nbsp; agora?!<\/p>\n\n\n\n<p>O quadro atual da humanidade,\u00a0 portanto, tem sido marcado pela entropia e pela difus\u00e3o ca\u00f3tica dos costumes e dos conhecimentos como se apontasse para o momento da virada total em que surgir\u00e1 a ORDEM (nascida do caos)!\u00a0\u00a0\u00a0\u00a0\u00a0 A cultura, que na Idade primitiva era transmitida pela tradi\u00e7\u00e3o oral\u00a0\u00a0 &#8211;\u00a0\u00a0 passando pelos monges copistas, da Idade M\u00e9dia, e pela imprensa de Jo\u00e3o Gutemberg, no Renascimento\u00a0\u00a0 -,\u00a0\u00a0\u00a0 hoje j\u00e1 est\u00e1 sendo veiculada pela multim\u00eddia,\u00a0 que \u00e9 um substrato computadorizado que canaliza Dados, Voz, V\u00eddeo e Videoconfer\u00eancia,\u00a0 sob\u00a0 a\u00a0 forma\u00a0 abstrata\u00a0 de\u00a0 bits,\u00a0 pela\u00a0 rede!<\/p>\n","protected":false},"excerpt":{"rendered":"<p class=\"qua-blog-post-description\">Ma\u00e7onaria no Brasil Generalidades O grande feito da Ma\u00e7onaria,&nbsp; j\u00e1 nos s\u00e9culos&nbsp; XVII&nbsp; e&nbsp; XVIII,&nbsp;&nbsp; foi exportar o ideal revolucion\u00e1rio e republicano para toda a Am\u00e9rica (do Norte e Latina). Foi a grande mudan\u00e7a de paradigma. Centros geogr\u00e1ficos como Olinda e Recife, Salvador,&nbsp; Tijuco (depois Diamantina)&nbsp; e&nbsp; Vila Rica&nbsp; (depois Ouro Preto),&nbsp;&nbsp; at\u00e9 mesmo em [&hellip;]<\/p>\n","protected":false},"author":1,"featured_media":0,"parent":0,"menu_order":0,"comment_status":"closed","ping_status":"closed","template":"","meta":{"footnotes":""},"class_list":["post-20","page","type-page","status-publish","hentry"],"_links":{"self":[{"href":"https:\/\/arlsguardioesdaamizade.com.br\/index.php?rest_route=\/wp\/v2\/pages\/20","targetHints":{"allow":["GET"]}}],"collection":[{"href":"https:\/\/arlsguardioesdaamizade.com.br\/index.php?rest_route=\/wp\/v2\/pages"}],"about":[{"href":"https:\/\/arlsguardioesdaamizade.com.br\/index.php?rest_route=\/wp\/v2\/types\/page"}],"author":[{"embeddable":true,"href":"https:\/\/arlsguardioesdaamizade.com.br\/index.php?rest_route=\/wp\/v2\/users\/1"}],"replies":[{"embeddable":true,"href":"https:\/\/arlsguardioesdaamizade.com.br\/index.php?rest_route=%2Fwp%2Fv2%2Fcomments&post=20"}],"version-history":[{"count":1,"href":"https:\/\/arlsguardioesdaamizade.com.br\/index.php?rest_route=\/wp\/v2\/pages\/20\/revisions"}],"predecessor-version":[{"id":22,"href":"https:\/\/arlsguardioesdaamizade.com.br\/index.php?rest_route=\/wp\/v2\/pages\/20\/revisions\/22"}],"wp:attachment":[{"href":"https:\/\/arlsguardioesdaamizade.com.br\/index.php?rest_route=%2Fwp%2Fv2%2Fmedia&parent=20"}],"curies":[{"name":"wp","href":"https:\/\/api.w.org\/{rel}","templated":true}]}}